{"id":48,"date":"2015-03-01T12:44:08","date_gmt":"2015-03-01T12:44:08","guid":{"rendered":"http:\/\/madise-ee.sn24.zone.eu\/?page_id=48"},"modified":"2023-05-28T11:54:19","modified_gmt":"2023-05-28T11:54:19","slug":"loodus","status":"publish","type":"page","link":"http:\/\/madise.ee\/?page_id=48","title":{"rendered":"Loodus"},"content":{"rendered":"<p>LOODERANNIK\u00a0 \u2013\u00a0 EUROOPAS ERILINE<br \/>\nArne Kivistik\u00a0 2010<br \/>\nViimase 5000 aasta jooksul merest kerkinud ja kujunenud\u00a0 Loode-Eesti rannikul esineb Euroopas ainulaadne maastikukooslus. Tal on eriline, kiire kujunemislugu.<\/p>\n<p>Erineva s\u00fcgavusega rannavees on liivap\u00f5hja, luiteid, paelava, r\u00e4ndrahne ja kolm v\u00e4ikesaart. Siin on 20 km parimatliivaranda, aga ka kivi-, klibu-, pank- ja paguranda. Merre suubub 6\u00a0 r\u00e4ndava s\u00e4ngi ja suudmega j\u00f5ge ning oja. Maastikul on 25 madalaveelist ja 9 ajuti kuivavat rannaj\u00e4rve ning 5 roostikku.<\/p>\n<p>Piki randa Roostalt \u00fcle Dirhami ja N\u00f5va Keibuni kulgeb suur rannavall, mis kannab nime Mereparras \u2013 25 km pikk ja 4\u201312 m k\u00f5rge. Sellest maa poole on 40 km\u00b2\u00a0 luitestikke ja avaliivikuid.<\/p>\n<p>Euroopa 120 hiidr\u00e4ndrahnust asub 112 Eestis. Eriti kivirikkal looderannikul on 10 rabakivi-hiidu, v\u00e4hemalt 150 suurrahnu, hulk kivik\u00fclve ja kiviaedu. Randades, eriti maaninadel ja muulides on\u00a0 1,9\u20131,6 miljardi aasta vanuseid tard- ja moondekivimi liike. Nende n\u00e4idiseid saab n\u00e4ha ka Perak\u00fclas P\u00f5lluotsa Talumuuseumi kivin\u00e4itusel.<\/p>\n<p>Osmussaar asub Dirhamist\u00a0 7 km kaugusel loodes. Seal on eriline kogum pankranda, klibuvalle, rannaj\u00e4rvi, kadastikke, rannaniite ja rannarootsi asustuslugu.<\/p>\n<p>Osmussaare l\u00e4hedal on Neugrundi\u00a0 meteoriidikraater, \u00fcks paremini l\u00e4biuurituid meres asuvaid kraatreid maailmas.\u00a0Neugrundbret\u0161ad on meteoriidipahvatuse aegu 540 milj aasta eest kraatrip\u00f5hjast v\u00e4ljapaisatud kivimid. Neid erilisi mustjaid ja l\u00f5helisi kive leidub ainult Eestis ja palju looderannikul.<\/p>\n<p>Piki rannikut kulgeb luitem\u00e4nnikute v\u00f6\u00f6nd. Erilised on sealsed vanad rannam\u00e4nnid.<br \/>\nMerest kaugemal on suured kaitsealused sood ja rabad. Mitmes paigas on sadu meetreid pikki kitsaid nn rannavallisoid,\u00a0 kus m\u00e4rjal ajal on vett p\u00f5lvini.<\/p>\n<p>P\u00f5\u00f5saspea neem ja Osmussaar on rahvusvaheliselt tuntud linnuvaatluspaigad, kust lendab \u00fcle miljoneid arktilisi linde. N\u00f5vast kui nimetamisv\u00e4\u00e4rsest jahipiirkonnast annavad tunnistust jahitrofeed, mis on p\u00e4lvinud maailman\u00e4ituste kuldmedaleid.<\/p>\n<p>P\u00f5lengud T\u00e4navj\u00e4rve ja Veskij\u00e4rve \u00e4\u00e4res, mida v\u00f5ib nimetada looduskatastroofideks, toimusid 1940, 1951, 1982, 1992, 1997, 1999 ja 2008;\u00a0 suurtormid \u00a0k\u00e4isid \u00fcle ranniku ja j\u00e4tsid sinna oma j\u00e4lgi1967 ja 2005.<\/p>\n<p>Looderannik on Eesti paremaid matkakaartidega\u00a0 kaetud alasid. Mitmesse paika on m\u00e4rgitud orienteerumis- ja loodus\u00f5ppe radu.<\/p>\n<p><!-- default-view.php -->\n<div\n\tclass=\"ngg-galleryoverview default-view \n\t ngg-ajax-pagination-none\t\"\n\tid=\"ngg-gallery-598996ec4badf64847291c19a4e3e5eb-1\">\n\n\t\t<!-- Thumbnails -->\n\t\t\t\t<div id=\"ngg-image-0\" class=\"ngg-gallery-thumbnail-box \n\t\t\t\t\t\t\t\t\t\t\t\" \n\t\t\t>\n\t\t\t\t\t\t<div class=\"ngg-gallery-thumbnail\">\n\t\t\t<a href=\"http:\/\/madise.ee\/wp-content\/gallery\/loodus\/i220809-032-800.jpg\"\n\t\t\t\ttitle=\"\"\n\t\t\t\tdata-src=\"http:\/\/madise.ee\/wp-content\/gallery\/loodus\/i220809-032-800.jpg\"\n\t\t\t\tdata-thumbnail=\"http:\/\/madise.ee\/wp-content\/gallery\/loodus\/thumbs\/thumbs_i220809-032-800.jpg\"\n\t\t\t\tdata-image-id=\"19\"\n\t\t\t\tdata-title=\"i220809 032 800.jpg\"\n\t\t\t\tdata-description=\"\"\n\t\t\t\tdata-image-slug=\"i220809-032-800-jpg\"\n\t\t\t\tclass=\"ngg-fancybox\" rel=\"598996ec4badf64847291c19a4e3e5eb\">\n\t\t\t\t<img\n\t\t\t\t\ttitle=\"i220809 032 800.jpg\"\n\t\t\t\t\talt=\"i220809 032 800.jpg\"\n\t\t\t\t\tsrc=\"http:\/\/madise.ee\/wp-content\/gallery\/loodus\/cache\/i220809-032-800.jpg-nggid0219-ngg0dyn-160x120x100-00f0w010c011r110f110r010t010.jpg\"\n\t\t\t\t\twidth=\"160\"\n\t\t\t\t\theight=\"120\"\n\t\t\t\t\tstyle=\"max-width:100%;\"\n\t\t\t\t\/>\n\t\t\t<\/a>\n\t\t<\/div>\n\t\t\t\t\t\t\t<\/div> \n\t\t\t\n\t\t\t\t<div id=\"ngg-image-1\" class=\"ngg-gallery-thumbnail-box \n\t\t\t\t\t\t\t\t\t\t\t\" \n\t\t\t>\n\t\t\t\t\t\t<div class=\"ngg-gallery-thumbnail\">\n\t\t\t<a href=\"http:\/\/madise.ee\/wp-content\/gallery\/loodus\/laudtee.JPG\"\n\t\t\t\ttitle=\"\"\n\t\t\t\tdata-src=\"http:\/\/madise.ee\/wp-content\/gallery\/loodus\/laudtee.JPG\"\n\t\t\t\tdata-thumbnail=\"http:\/\/madise.ee\/wp-content\/gallery\/loodus\/thumbs\/thumbs_laudtee.JPG\"\n\t\t\t\tdata-image-id=\"20\"\n\t\t\t\tdata-title=\"laudtee.JPG\"\n\t\t\t\tdata-description=\"\"\n\t\t\t\tdata-image-slug=\"laudtee-jpg\"\n\t\t\t\tclass=\"ngg-fancybox\" rel=\"598996ec4badf64847291c19a4e3e5eb\">\n\t\t\t\t<img\n\t\t\t\t\ttitle=\"laudtee.JPG\"\n\t\t\t\t\talt=\"laudtee.JPG\"\n\t\t\t\t\tsrc=\"http:\/\/madise.ee\/wp-content\/gallery\/loodus\/cache\/laudtee.JPG-nggid0220-ngg0dyn-160x120x100-00f0w010c011r110f110r010t010.JPG\"\n\t\t\t\t\twidth=\"160\"\n\t\t\t\t\theight=\"120\"\n\t\t\t\t\tstyle=\"max-width:100%;\"\n\t\t\t\t\/>\n\t\t\t<\/a>\n\t\t<\/div>\n\t\t\t\t\t\t\t<\/div> \n\t\t\t\n\t\t\t\t<div id=\"ngg-image-2\" class=\"ngg-gallery-thumbnail-box \n\t\t\t\t\t\t\t\t\t\t\t\" \n\t\t\t>\n\t\t\t\t\t\t<div class=\"ngg-gallery-thumbnail\">\n\t\t\t<a href=\"http:\/\/madise.ee\/wp-content\/gallery\/loodus\/Liivanerand.-A.Kivistik.JPG\"\n\t\t\t\ttitle=\"\"\n\t\t\t\tdata-src=\"http:\/\/madise.ee\/wp-content\/gallery\/loodus\/Liivanerand.-A.Kivistik.JPG\"\n\t\t\t\tdata-thumbnail=\"http:\/\/madise.ee\/wp-content\/gallery\/loodus\/thumbs\/thumbs_Liivanerand.-A.Kivistik.JPG\"\n\t\t\t\tdata-image-id=\"21\"\n\t\t\t\tdata-title=\"Liivanerand. A.Kivistik.JPG\"\n\t\t\t\tdata-description=\"\"\n\t\t\t\tdata-image-slug=\"liivanerand-a-kivistik-jpg\"\n\t\t\t\tclass=\"ngg-fancybox\" rel=\"598996ec4badf64847291c19a4e3e5eb\">\n\t\t\t\t<img\n\t\t\t\t\ttitle=\"Liivanerand. A.Kivistik.JPG\"\n\t\t\t\t\talt=\"Liivanerand. A.Kivistik.JPG\"\n\t\t\t\t\tsrc=\"http:\/\/madise.ee\/wp-content\/gallery\/loodus\/cache\/Liivanerand.-A.Kivistik.JPG-nggid0221-ngg0dyn-160x120x100-00f0w010c011r110f110r010t010.JPG\"\n\t\t\t\t\twidth=\"160\"\n\t\t\t\t\theight=\"120\"\n\t\t\t\t\tstyle=\"max-width:100%;\"\n\t\t\t\t\/>\n\t\t\t<\/a>\n\t\t<\/div>\n\t\t\t\t\t\t\t<\/div> \n\t\t\t\n\t\t\t\t<div id=\"ngg-image-3\" class=\"ngg-gallery-thumbnail-box \n\t\t\t\t\t\t\t\t\t\t\t\" \n\t\t\t>\n\t\t\t\t\t\t<div class=\"ngg-gallery-thumbnail\">\n\t\t\t<a href=\"http:\/\/madise.ee\/wp-content\/gallery\/loodus\/matkarada.jpg\"\n\t\t\t\ttitle=\"\"\n\t\t\t\tdata-src=\"http:\/\/madise.ee\/wp-content\/gallery\/loodus\/matkarada.jpg\"\n\t\t\t\tdata-thumbnail=\"http:\/\/madise.ee\/wp-content\/gallery\/loodus\/thumbs\/thumbs_matkarada.jpg\"\n\t\t\t\tdata-image-id=\"22\"\n\t\t\t\tdata-title=\"matkarada.jpg\"\n\t\t\t\tdata-description=\"\"\n\t\t\t\tdata-image-slug=\"matkarada-jpg\"\n\t\t\t\tclass=\"ngg-fancybox\" rel=\"598996ec4badf64847291c19a4e3e5eb\">\n\t\t\t\t<img\n\t\t\t\t\ttitle=\"matkarada.jpg\"\n\t\t\t\t\talt=\"matkarada.jpg\"\n\t\t\t\t\tsrc=\"http:\/\/madise.ee\/wp-content\/gallery\/loodus\/cache\/matkarada.jpg-nggid0222-ngg0dyn-160x120x100-00f0w010c011r110f110r010t010.jpg\"\n\t\t\t\t\twidth=\"160\"\n\t\t\t\t\theight=\"120\"\n\t\t\t\t\tstyle=\"max-width:100%;\"\n\t\t\t\t\/>\n\t\t\t<\/a>\n\t\t<\/div>\n\t\t\t\t\t\t\t<\/div> \n\t\t\t\n\t\t\t\t<div id=\"ngg-image-4\" class=\"ngg-gallery-thumbnail-box \n\t\t\t\t\t\t\t\t\t\t\t\" \n\t\t\t>\n\t\t\t\t\t\t<div class=\"ngg-gallery-thumbnail\">\n\t\t\t<a href=\"http:\/\/madise.ee\/wp-content\/gallery\/loodus\/N%C3%B5va-suurkivi.-A.Kivistik.JPG\"\n\t\t\t\ttitle=\"\"\n\t\t\t\tdata-src=\"http:\/\/madise.ee\/wp-content\/gallery\/loodus\/N%C3%B5va-suurkivi.-A.Kivistik.JPG\"\n\t\t\t\tdata-thumbnail=\"http:\/\/madise.ee\/wp-content\/gallery\/loodus\/thumbs\/thumbs_N%C3%B5va-suurkivi.-A.Kivistik.JPG\"\n\t\t\t\tdata-image-id=\"23\"\n\t\t\t\tdata-title=\"N\u00f5va suurkivi. A.Kivistik.JPG\"\n\t\t\t\tdata-description=\"\"\n\t\t\t\tdata-image-slug=\"n%c3%b5va-suurkivi-a-kivistik-jpg-1\"\n\t\t\t\tclass=\"ngg-fancybox\" rel=\"598996ec4badf64847291c19a4e3e5eb\">\n\t\t\t\t<img\n\t\t\t\t\ttitle=\"N\u00f5va suurkivi. A.Kivistik.JPG\"\n\t\t\t\t\talt=\"N\u00f5va suurkivi. A.Kivistik.JPG\"\n\t\t\t\t\tsrc=\"http:\/\/madise.ee\/wp-content\/gallery\/loodus\/cache\/N%C3%B5va-suurkivi.-A.Kivistik.JPG-nggid0223-ngg0dyn-160x120x100-00f0w010c011r110f110r010t010.JPG\"\n\t\t\t\t\twidth=\"160\"\n\t\t\t\t\theight=\"120\"\n\t\t\t\t\tstyle=\"max-width:100%;\"\n\t\t\t\t\/>\n\t\t\t<\/a>\n\t\t<\/div>\n\t\t\t\t\t\t\t<\/div> \n\t\t\t\n\t\t\t\t<div id=\"ngg-image-5\" class=\"ngg-gallery-thumbnail-box \n\t\t\t\t\t\t\t\t\t\t\t\" \n\t\t\t>\n\t\t\t\t\t\t<div class=\"ngg-gallery-thumbnail\">\n\t\t\t<a href=\"http:\/\/madise.ee\/wp-content\/gallery\/loodus\/Uuej%C3%B5e-suue.-A.Kivistik.JPG\"\n\t\t\t\ttitle=\"\"\n\t\t\t\tdata-src=\"http:\/\/madise.ee\/wp-content\/gallery\/loodus\/Uuej%C3%B5e-suue.-A.Kivistik.JPG\"\n\t\t\t\tdata-thumbnail=\"http:\/\/madise.ee\/wp-content\/gallery\/loodus\/thumbs\/thumbs_Uuej%C3%B5e-suue.-A.Kivistik.JPG\"\n\t\t\t\tdata-image-id=\"24\"\n\t\t\t\tdata-title=\"Uuej\u00f5e suue. A.Kivistik.JPG\"\n\t\t\t\tdata-description=\"\"\n\t\t\t\tdata-image-slug=\"uuej%c3%b5e-suue-a-kivistik-jpg-1\"\n\t\t\t\tclass=\"ngg-fancybox\" rel=\"598996ec4badf64847291c19a4e3e5eb\">\n\t\t\t\t<img\n\t\t\t\t\ttitle=\"Uuej\u00f5e suue. A.Kivistik.JPG\"\n\t\t\t\t\talt=\"Uuej\u00f5e suue. A.Kivistik.JPG\"\n\t\t\t\t\tsrc=\"http:\/\/madise.ee\/wp-content\/gallery\/loodus\/cache\/Uuej%C3%B5e-suue.-A.Kivistik.JPG-nggid0224-ngg0dyn-160x120x100-00f0w010c011r110f110r010t010.JPG\"\n\t\t\t\t\twidth=\"160\"\n\t\t\t\t\theight=\"120\"\n\t\t\t\t\tstyle=\"max-width:100%;\"\n\t\t\t\t\/>\n\t\t\t<\/a>\n\t\t<\/div>\n\t\t\t\t\t\t\t<\/div> \n\t\t\t\n\t\n\t<br style=\"clear: both\" \/>\n\n\t\t<div class=\"slideshowlink\">\n\t\t<a href='http:\/\/madise.ee\/index.php\/nggallery\/slideshow?page_id=48'>[Show slideshow]<\/a>\n\t\t\n\t<\/div>\n\t\n\t\t<!-- Pagination -->\n\t\t<div class='ngg-clear'><\/div>\t<\/div>\n<\/p>\n","protected":false},"excerpt":{"rendered":"<p>LOODERANNIK\u00a0 \u2013\u00a0 EUROOPAS ERILINE Arne Kivistik\u00a0 2010 Viimase 5000 aasta jooksul merest kerkinud ja kujunenud\u00a0 Loode-Eesti rannikul esineb Euroopas ainulaadne maastikukooslus. Tal on eriline, kiire kujunemislugu. Erineva s\u00fcgavusega rannavees on liivap\u00f5hja, luiteid, paelava, r\u00e4ndrahne ja kolm v\u00e4ikesaart. Siin on 20 km parimatliivaranda, aga ka kivi-, klibu-, pank- ja paguranda. Merre suubub 6\u00a0 r\u00e4ndava s\u00e4ngi ja [&hellip;]<\/p>\n","protected":false},"author":1,"featured_media":0,"parent":0,"menu_order":0,"comment_status":"closed","ping_status":"closed","template":"","meta":{"ngg_post_thumbnail":0,"footnotes":""},"class_list":["post-48","page","type-page","status-publish","hentry"],"_links":{"self":[{"href":"http:\/\/madise.ee\/index.php?rest_route=\/wp\/v2\/pages\/48"}],"collection":[{"href":"http:\/\/madise.ee\/index.php?rest_route=\/wp\/v2\/pages"}],"about":[{"href":"http:\/\/madise.ee\/index.php?rest_route=\/wp\/v2\/types\/page"}],"author":[{"embeddable":true,"href":"http:\/\/madise.ee\/index.php?rest_route=\/wp\/v2\/users\/1"}],"replies":[{"embeddable":true,"href":"http:\/\/madise.ee\/index.php?rest_route=%2Fwp%2Fv2%2Fcomments&post=48"}],"version-history":[{"count":6,"href":"http:\/\/madise.ee\/index.php?rest_route=\/wp\/v2\/pages\/48\/revisions"}],"predecessor-version":[{"id":147,"href":"http:\/\/madise.ee\/index.php?rest_route=\/wp\/v2\/pages\/48\/revisions\/147"}],"wp:attachment":[{"href":"http:\/\/madise.ee\/index.php?rest_route=%2Fwp%2Fv2%2Fmedia&parent=48"}],"curies":[{"name":"wp","href":"https:\/\/api.w.org\/{rel}","templated":true}]}}